e i + 0 = 40. Let k be i/3*(-18)/8. Let c = k - -42. List the prime factors of c.
2, 3
Let g = -74 + 82. Let h(k) = 2*k**3 - 4*k**2 + k + 2. Let z be h(2). Let x = g - z. List the prime factors of x.
2
Let h = -12 + 44. List the prime factors of h.
2
Let c(p) = -p**3 + 9*p**2 - 10*p + 5. List the prime factors of c(7).
3, 11
List the prime factors of 6/33 + (-372)/(-11).
2, 17
Suppose 0 = -5*t + 4*b - 20, 4*t - 1 = -4*b + 19. Suppose -4*k + t*k = -24. List the prime factors of k.
2, 3
Let t(d) = d**2 + 4*d + 9. Let j be t(-7). Suppose -6*m + 8 = -2*m. Suppose -a + j = m*a. What are the prime factors of a?
2, 5
Let h(a) = 4*a + 8. Let s be h(-6). Let u = -13 - s. What are the prime factors of u?
3
Let r(i) = i**3 + 6*i**2 - i - 1. Let n be r(-6). Suppose 29 = n*z - 101. List the prime factors of z.
2, 13
Suppose 17 = -3*a + 4*i, 4*i - 12 - 27 = 5*a. Let o = -5 - a. List the prime factors of o.
2, 3
Let b(x) = -19*x - 4. Let p be b(-4). List the prime factors of 1312/p - 2/9.
2, 3
Let m = 99 - 77. List the prime factors of m.
2, 11
Suppose 5*o - 7 = w, -3*w - o + 5*o + 1 = 0. Suppose v - 17 = -2*s, -27 = -0*s - 2*s - w*v. What are the prime factors of s?
2, 3
Let d(s) = -s**3 + 5*s**2 + 3*s + 2. Let k be d(5). Suppose 5*m - 4 = 3*r - k, -5*m + 5*r - 15 = 0. List the prime factors of m/(-8) - 38/(-8).
5
Let z(n) be the third derivative of n**6/120 + n**5/12 - 3*n**4/8 - n**3/6 - n**2. What are the prime factors of z(-6)?
17
Suppose -2*p = -0*p - 24. What are the prime factors of p?
2, 3
Suppose l + 33 = 4*l. Suppose y - l + 2 = 0. List the prime factors of y.
3
Suppose -208 = 2*u - 722. What are the prime factors of u?
257
Let v = -41 + 23. List the prime factors of (v/30)/(1/(-35)).
3, 7
Suppose -2*b = -164 + 26. Suppose 0 = -5*x + b - 4. What are the prime factors of x?
13
Let c(i) = -5*i + 42. List the prime factors of c(-24).
2, 3
Let f be (-6)/(3/(-2)*1). Let c = -2 + f. Suppose -5*h = -4*h - c. List the prime factors of h.
2
Let p = -11 - -28. List the prime factors of p.
17
Suppose -5*n + 87 = -68. Suppose -8*f - n = -9*f. What are the prime factors of f?
31
Let z(p) be the first derivative of -p**3/3 + 3*p**2 + 5*p - 2. Suppose -15 = 2*f - 5*f. List the prime factors of z(f).
2, 5
Suppose -4*z + 25 + 31 = 0. Let b = z + -10. What are the prime factors of b?
2
Suppose -2*q = -5*s - 266 - 62, -q - 265 = 4*s. Let j be 3 + s/(-3) - -2. Suppose 0 = -3*k + 2*p + j, -3*k - k - 2*p + 50 = 0. List the prime factors of k.
11
Let x(s) = -3*s**3 + 2*s**2 - 2*s + 1. Let z be x(1). Let d = -2 - -8. What are the prime factors of 8/d - z/3?
2
Suppose 3*s + 5*r = 32, -4*r + r - 42 = -5*s. Let b = s + -3. List the prime factors of b.
2, 3
Suppose -5*m = -2*h - 669, m = 5*m - 3*h - 531. What are the prime factors of m?
3, 5
Let j(f) = -2*f - 5. Let v be j(-7). Suppose v + 106 = 5*o. List the prime factors of o.
23
Let r(l) = -2*l**3 + 1 - 4 + 3*l**3 + 7*l**2 + 4*l. Let u = -12 + 6. List the prime factors of r(u).
3
Suppose -5*n = -b + 17, -51 = -2*b - 2*b + 3*n. Suppose 3*j = 4*h - 39, 0*j = 4*j - b. List the prime factors of h.
2, 3
Let b(o) = -o**2 - 7*o - 3. Let s be b(-7). What are the prime factors of 0/(1 - -1) - s?
3
Suppose -z = 5*r + 4, -r = -2*z - z + 4. Suppose 4 + 2 = 3*t. List the prime factors of (-4 + t)/(z/(-4)).
2
Let c = -5 - -43. What are the prime factors of c?
2, 19
Let i = -3 + 4. What are the prime factors of (-2 + 15)/1 - i?
2, 3
Let a = 7 + -7. Suppose -b - 2*o + 14 = a, -3*b - 5*o + 0 = -37. Suppose b + 4 = 4*y. What are the prime factors of y?
2
Let l be (0 + (-15)/9)*-9. Suppose 4*i = -5*f - l, i - 6 = -i + 2*f. Let b = i + 8. List the prime factors of b.
2
Let q(p) = 21*p - 11. What are the prime factors of q(3)?
2, 13
Let i = 7 + -7. Suppose 5*t + 5*u = -0*t + 150, i = -4*t - 5*u + 122. What are the prime factors of t?
2, 7
Suppose 5*q = 5*t - 2*t, 2*q = -5*t. Let f = 7 + t. List the prime factors of f.
7
Suppose 0 = -4*q + 2 + 150. Suppose -2*m + 8 = -y - y, 0 = 2*m + 4*y - q. List the prime factors of m.
3
Let y = 14 - 1. List the prime factors of y.
13
Let x = -5 + 46. List the prime factors of x.
41
Let v = 6 + -6. Suppose -r + 3*r - 30 = v. List the prime factors of r.
3, 5
Let t(n) = -n**2 + 16*n + 22. List the prime factors of t(15).
37
Suppose -g = -5*w + 14, -16 = -4*w - 0*w - 4*g. Suppose 4*b - 19 = -w, 0 = 3*l - 3*b - 117. List the prime factors of l.
43
Suppose 4*h = -11 + 3. Let v = h + 27. What are the prime factors of v?
5
Suppose 4*b + 4*t = 592, -3*b + 359 = -2*t - 90. What are the prime factors of b?
149
Let z be 3/(5/(960/9)). Let f be (z/10)/(3/(-15)). List the prime factors of f/(-14) - (-8)/(-28).
2
Let t be 14/(-6) + 2/6. Let p be -2*t*(-9)/4. Let v = -7 - p. List the prime factors of v.
2
Suppose 4*n = -c + 25, 0*n = 2*c - 4*n - 14. List the prime factors of c.
13
Suppose 0 = 2*a, 4*u + 5*a - 65 = -u. What are the prime factors of u?
13
Let z = 1 + -1. Let u be 4*(z + (2 - 1)). Suppose 4*y + 3*n = -u + 32, -5*y + 66 = -4*n. What are the prime factors of y?
2, 5
Let b(h) = 2*h**2 - h. Let f = -6 + 4. Let i be 1 + (-1 - (0 + f)). List the prime factors of b(i).
2, 3
Let n be (-2 - 1*-3)*-2. List the prime factors of (n/5)/((-2)/40).
2
Suppose 5*k - 20 = -3*x + 90, 0 = 3*x - k - 86. Suppose -4*n + x = -5*s, 0*n - n = s - 12. What are the prime factors of n?
2, 5
Let z = 5 - 0. List the prime factors of -11*z/((-5)/2).
2, 11
Suppose 6*w = -0*w + 528. List the prime factors of w.
2, 11
Let p be (-22)/(-4) + 2/(-4). Suppose -18 = 3*z + p*r, 3*z - 5 = 3*r + 1. What are the prime factors of ((-2)/1 + -9)*z?
11
List the prime factors of 118 + (-2)/(-4)*(-6)/3.
3, 13
Suppose 0 = 2*n - x - 47, -4*x - 44 = -2*n - 0*x. Let z = -16 + n. What are the prime factors of z?
2
Let k(l) = -3*l + 2*l**2 - 14*l**2 + 6*l + 12 + 2*l**3 - l**3. Let f be k(12). Suppose -2*x = x - f. List the prime factors of x.
2
Let f be 3/(-3 + 10/4). Let m be 24/(-20)*40/f. Let p(y) = y - 2. List the prime factors of p(m).
2, 3
Let g(d) = -9*d + 9. What are the prime factors of g(-8)?
3
Let r(s) = -s - 2. Let g be 1*(2 + (2 - 4)). Suppose 7 = -m - g*m. List the prime factors of r(m).
5
What are the prime factors of -1*107/(-2) - (-10)/20?
2, 3
Let p = 14 + -9. Suppose p*c - 24 = 2*c. What are the prime factors of c?
2
Let i = 13 + -21. Let o be (-1)/(-2) + (-12)/i. List the prime factors of (1 + 2)*1 + o.
5
Let c(m) = m**3 - 5*m**2 + 7*m + 1. Suppose 5*q - 2*t - 24 = 0, 0 = -2*t - 0 - 4. List the prime factors of c(q).
13
Let m(f) = f**2 + f + 1. Let g be m(-2). Suppose 0 = -g*l + 3*q - 6, 3*l - 7 = -2*q + 7. List the prime factors of l.
2
Let c(h) = -h**2 + 3*h + 4. Let b be c(4). Suppose b = -v - 3*p + 1, 5*v - 3*p = -6*p - 31. Let o = -4 - v. What are the prime factors of o?
2
Let j be 5/(-3)*(-3 + -3). Suppose 3*b = b + j. What are the prime factors of b?
5
Let l(x) = 9*x - 32. List the prime factors of l(13).
5, 17
Let p(u) = -u**2 - 3*u + 7. Let w be p(-5). Let q be w - 0 - (-1 + -1). List the prime factors of q/2*(-30 + 4).
13
Suppose -2*u = -22 + 4. Suppose -2*t - 15 = c + 3*t, c - 3*t = u. Let o = c + 2. List the prime factors of o.
2
Suppose 10*j - 1078 = 3*j. List the prime factors of j.
2, 7, 11
Suppose -20 = 4*f, -4*k - 3*f - 45 = 18. List the prime factors of k*3/(-6)*2.
2, 3
Suppose w + w = -32. Let s be (w/6)/(2/(-6)). Let f(u) = -u**2 + 10*u - 11. What are the prime factors of f(s)?
5
Let c be (-5)/((-6)/9 - -1). Let y = c + 32. Let p = -10 + y. What are the prime factors of p?
7
Let c = 3 - 3. Suppose -2*b - 4*m + 22 = 0, -6 + c = -3*b + 3*m. Suppose -3*a - 4*r + 2 = -10, 3*a + b*r = 9. List the prime factors of a.
2
Suppose 0 = -36*i + 41*i - 745. What are the prime factors of i?
149
Suppose 4*s = 2*a + 218, 0*s + 2*a = 2*s - 104. Let t = 84 - s. What are the prime factors of t?
3
Let f(t) = -15*t**2 + 4. Let a(r) = -r**2 - 1. Let l(s) = -5*a(s) - f(s). List the prime factors of l(-1).
3, 7
Let l(c) be the first derivative of c**2/2 + 4*c - 3. List the prime factors of l(4).
2
Let v(l) = l**2 + l - 3. Let s be v(-3). Suppose -4*z + 0*z + 121 = s*w, 32 = z - w. What are the prime factors of z?
31
Let u be (-6)/(-9) - (-42)/(-9). Let i = 0 - u. What are the prime factors of i?
2
Let x(d) = -d**3 - 7*d**2 - 7*d - 3. Let h b